{"id":1388,"date":"2022-02-18T11:57:41","date_gmt":"2022-02-18T10:57:41","guid":{"rendered":"https:\/\/lu-maurer.de\/?page_id=1388"},"modified":"2022-02-24T08:48:44","modified_gmt":"2022-02-24T07:48:44","slug":"impressum","status":"publish","type":"page","link":"https:\/\/lu-maurer.de\/?page_id=1388","title":{"rendered":"Impressum"},"content":{"rendered":"<div data-colibri-id=\"1388-c1\" class=\"style-1975 style-local-1388-c1 position-relative\">\n  <!---->\n  <div data-colibri-component=\"section\" data-colibri-id=\"1388-c2\" id=\"custom\" class=\"h-section h-section-global-spacing d-flex align-items-lg-center align-items-md-center align-items-center style-1976 style-local-1388-c2 position-relative\">\n    <!---->\n    <!---->\n    <div class=\"h-section-grid-container h-section-boxed-container\">\n      <!---->\n      <div data-colibri-id=\"1388-c3\" class=\"h-row-container gutters-row-lg-2 gutters-row-md-2 gutters-row-0 gutters-row-v-lg-2 gutters-row-v-md-2 gutters-row-v-2 style-1977 style-local-1388-c3 position-relative\">\n        <!---->\n        <div class=\"h-row justify-content-lg-center justify-content-md-center justify-content-center align-items-lg-stretch align-items-md-stretch align-items-stretch gutters-col-lg-2 gutters-col-md-2 gutters-col-0 gutters-col-v-lg-2 gutters-col-v-md-2 gutters-col-v-2\">\n          <!---->\n          <div class=\"h-column h-column-container d-flex h-col-lg-auto h-col-md-auto h-col-auto style-1978-outer style-local-1388-c4-outer\">\n            <div data-colibri-id=\"1388-c4\" class=\"d-flex h-flex-basis h-column__inner h-px-lg-2 h-px-md-2 h-px-2 v-inner-lg-2 v-inner-md-2 v-inner-2 style-1978 style-local-1388-c4 position-relative\">\n              <!---->\n              <!---->\n              <div class=\"w-100 h-y-container h-column__content h-column__v-align flex-basis-100 align-self-lg-start align-self-md-start align-self-start\">\n                <!---->\n                <div data-colibri-id=\"1388-c6\" class=\"h-text h-text-component style-1980 style-local-1388-c6 position-relative h-element\">\n                  <!---->\n                  <!---->\n                  <div class=\"\">\n                    <p><strong style=\"font-family: Arial, sans-serif; font-size: 12pt;\">Impressum <\/strong><\/p>\n                    <p><strong style=\"font-family: Arial, sans-serif; font-size: 12pt;\">&nbsp;<\/strong><\/p>\n                    <p><strong style=\"font-family: Arial, sans-serif; font-size: 12pt;\">Anbieterkennzeichnung nach \u00a7 5 TMG<\/strong><\/p>\n                    <p><span style=\"font-family: Arial, sans-serif; font-size: 12pt;\">Anbieter und Verantwortlich f\u00fcr diese Internet-Domain im Sinne des \u00a7 5 des Telemediengesetzes (TMG), ist die Firma<\/span><\/p>\n                    <p><strong style=\"font-family: Arial, sans-serif; font-size: 12pt;\">F.u.B. Maurer GbR <\/strong><\/p>\n                    <p><span style=\"font-family: Arial, sans-serif; font-size: 12pt;\">Ro\u00dfhofstra\u00dfe 48 74423 Obersontheim<\/span><\/p>\n                    <p><strong style=\"font-family: Arial, sans-serif; font-size: 12pt;\">Vertreten durch: <\/strong><\/p>\n                    <p><strong style=\"font-family: Arial, sans-serif; font-size: 12pt;\">Gesch\u00e4ftsf\u00fchrung: Friedrich Maurer, &nbsp;Beate Maurer<\/strong><\/p>\n                    <p><strong style=\"font-family: Arial, sans-serif; font-size: 12pt;\">&nbsp;<\/strong><\/p>\n                    <p><strong style=\"font-family: Arial, sans-serif; font-size: 12pt;\">Kontakt:<\/strong><\/p>\n                    <p><strong style=\"font-family: Arial, sans-serif; font-size: 12pt;\">Telefon: &nbsp;&nbsp;&nbsp;&nbsp;&nbsp;&nbsp;+49 7973\/16224<\/strong><\/p>\n                    <p><strong style=\"font-family: Arial, sans-serif; font-size: 12pt;\">Telefax: &nbsp;&nbsp;&nbsp;&nbsp;&nbsp;&nbsp;+49 7973\/16223<\/strong><\/p>\n                    <p><strong style=\"font-family: Arial, sans-serif; font-size: 12pt;\">E-Mail: &nbsp;&nbsp;&nbsp;&nbsp;&nbsp;&nbsp;&nbsp;&nbsp;info(at)lohnunternehmen-maurer.de<\/strong><\/p>\n                    <p><strong style=\"font-family: Arial, sans-serif; font-size: 12pt;\">Internet: &nbsp;&nbsp;&nbsp;&nbsp;&nbsp;<\/strong>\n                      <a href=\"http:\/\/www.lu-maurer.de\" style=\"font-family: Arial, sans-serif; font-size: 12pt;\" class=\"customize-unpreviewable\"><strong>www.lu-maurer.de<\/strong><\/a><strong style=\"font-family: Arial, sans-serif; font-size: 12pt;\"> <\/strong><\/p>\n                    <p><strong style=\"font-family: Arial, sans-serif; font-size: 12pt;\">&nbsp;<\/strong><\/p>\n                    <p><strong style=\"font-family: Arial, sans-serif; font-size: 12pt;\">Sitz der Gesellschaft: Ro\u00dfhofstra\u00dfe 48, Obersontheim<\/strong><\/p>\n                    <p><strong style=\"color: red; font-family: Arial, sans-serif; font-size: 12pt;\">&nbsp;<\/strong><\/p>\n                    <p><strong style=\"font-family: Arial, sans-serif; font-size: 12pt;\"> Umsatzsteuer-Identifikations-Nr.: gem\u00e4\u00df \u00a727 a Umsatzsteuergesetz: <\/strong><\/p>\n                    <p><strong style=\"font-family: Arial, sans-serif; font-size: 12pt;\">DE163545812<\/strong><\/p>\n                    <p><strong style=\"font-family: Arial, sans-serif; font-size: 12pt;\">&nbsp;<\/strong><\/p>\n                    <p><strong style=\"font-family: Arial, sans-serif; font-size: 12pt;\">Rechtliche Hinweise<\/strong><\/p>\n                    <p><strong style=\"font-family: Arial, sans-serif; font-size: 12pt;\">Die auf dieser Webseite bereitgestellten Informationen werden durch die Firma F.u.B. Maurer sorgf\u00e4ltig gepr\u00fcft und regelm\u00e4\u00dfig aktualisiert. Dennoch kann die Firma F.u.B. Maurer keine Haftung oder Garantie f\u00fcr die Aktualit\u00e4t, Richtigkeit und Vollst\u00e4ndigkeit der zur Verf\u00fcgung gestellten Informationen und Software \u00fcbernehmen. Gleiches gilt auch f\u00fcr den Inhalt der Websites, auf die mittels Hyperlink verwiesen wird.<\/strong><\/p>\n                    <p><strong style=\"font-family: Arial, sans-serif; font-size: 12pt;\">Die Firma F.u.B. Maurer ist f\u00fcr den Inhalt der Websites, die auf Grund einer solchen Verbindung erreicht werden, nicht verantwortlich. Die Vervielf\u00e4ltigung von Informationen und Daten, insbesondere die Verwendung von Texten und Textteilen bedarf der vorherigen Zustimmung der Firma F.u.B. Maurer.<\/strong><\/p>\n                    <p><strong style=\"font-family: Arial, sans-serif; font-size: 12pt;\">Hinweis gem. \u00a7 36 Verbraucherstreitbeilegungsgesetz (VSBG)<\/strong><\/p>\n                    <p><strong style=\"font-family: Arial, sans-serif; font-size: 12pt;\">Die Firma F.u.B. Maurer wird nicht an einem Streitbeilegungsverfahren vor einer Verbraucherschlichtungsstelle i.S.d. VSBG teilnehmen und ist hierzu auch nicht verpflichtet.<\/strong><\/p>\n                  <\/div>\n                <\/div>\n              <\/div>\n            <\/div>\n          <\/div>\n        <\/div>\n      <\/div>\n    <\/div>\n  <\/div>\n<\/div>","protected":false},"excerpt":{"rendered":"<p>Impressum &nbsp; Anbieterkennzeichnung nach \u00a7 5 TMG Anbieter und Verantwortlich f\u00fcr diese Internet-Domain im Sinne des \u00a7 5 des Telemediengesetzes (TMG), ist die Firma F.u.B. Maurer GbR Ro\u00dfhofstra\u00dfe 48 74423 Obersontheim Vertreten durch: Gesch\u00e4ftsf\u00fchrung: Friedrich Maurer, &nbsp;Beate Maurer &nbsp; Kontakt: Telefon: &nbsp;&nbsp;&nbsp;&nbsp;&nbsp;&nbsp;+49 7973\/16224 Telefax: &nbsp;&nbsp;&nbsp;&nbsp;&nbsp;&nbsp;+49 7973\/16223 E-Mail: &nbsp;&nbsp;&nbsp;&nbsp;&nbsp;&nbsp;&nbsp;&nbsp;info(at)lohnunternehmen-maurer.de Internet: &nbsp;&nbsp;&nbsp;&nbsp;&nbsp; www.lu-maurer.de &nbsp; Sitz der Gesellschaft: [&hellip;]<\/p>\n","protected":false},"author":1,"featured_media":0,"parent":745,"menu_order":0,"comment_status":"closed","ping_status":"closed","template":"page-templates\/homepage.php","meta":{"footnotes":""},"class_list":["post-1388","page","type-page","status-publish","hentry"],"_links":{"self":[{"href":"https:\/\/lu-maurer.de\/index.php?rest_route=\/wp\/v2\/pages\/1388","targetHints":{"allow":["GET"]}}],"collection":[{"href":"https:\/\/lu-maurer.de\/index.php?rest_route=\/wp\/v2\/pages"}],"about":[{"href":"https:\/\/lu-maurer.de\/index.php?rest_route=\/wp\/v2\/types\/page"}],"author":[{"embeddable":true,"href":"https:\/\/lu-maurer.de\/index.php?rest_route=\/wp\/v2\/users\/1"}],"replies":[{"embeddable":true,"href":"https:\/\/lu-maurer.de\/index.php?rest_route=%2Fwp%2Fv2%2Fcomments&post=1388"}],"version-history":[{"count":2,"href":"https:\/\/lu-maurer.de\/index.php?rest_route=\/wp\/v2\/pages\/1388\/revisions"}],"predecessor-version":[{"id":1610,"href":"https:\/\/lu-maurer.de\/index.php?rest_route=\/wp\/v2\/pages\/1388\/revisions\/1610"}],"up":[{"embeddable":true,"href":"https:\/\/lu-maurer.de\/index.php?rest_route=\/wp\/v2\/pages\/745"}],"wp:attachment":[{"href":"https:\/\/lu-maurer.de\/index.php?rest_route=%2Fwp%2Fv2%2Fmedia&parent=1388"}],"curies":[{"name":"wp","href":"https:\/\/api.w.org\/{rel}","templated":true}]}}